at is the value of 3 - ((0 - 0) + 7) - -1?
-3
Calculate (-9 - -2) + 6 + 0 + -2.
-3
What is the value of 0 + -5 + 3 + 1 + -1?
-2
Calculate (-2 - -2) + -3 + 1.
-2
Calculate -13 + 3 - -2 - (1 + -5).
-4
What is the value of 3 - (2 - -1 - -1)?
-1
What is the value of -4 + 7 + -2 + 3?
4
0 + (-5 - (2 + -3))
-4
What is the value of 11 + -7 - (-1 + 8)?
-3
Evaluate (-8 - (-8 - -3)) + 0.
-3
What is 1 + (5 + -1 - 3) + -2?
0
Evaluate 6 + (1 - (6 + -2) - 0).
3
-1 + (-1 - (-14 - (-4 - 0)))
8
-5 + (10 - 5) - -5
5
5 - (11 - 0) - -4
-2
What is 4 + (-7 - 0) - -8?
5
-33 + 31 - (0 + 0)
-2
Evaluate 0 + -1 + 7 - 3.
3
Calculate -4 + (-4 - -4) + 2.
-2
What is the value of 34 + -37 - (1 + 3)?
-7
Evaluate (2 - 0) + -4 - -2.
0
Evaluate (10 + 10 - 6) + -8.
6
Calculate 1 + 0 - (-6 - -3).
4
What is the value of 0 - (-7 - -3 - 1)?
5
Calculate -3 - (0 + -3 + 3 - -5).
-8
Evaluate -9 - (-7 + (3 + -1 - 0)).
-4
What is the value of -5 + (12 - (9 + -2))?
0
Evaluate (0 - (2 + -1)) + 2.
1
Calculate (7 + 6 - 1) + -8.
4
What is 1 + -1 + 5 - (-5 - -6)?
4
Calculate 1 + 3 + (-51 - -43).
-4
What is -4 - 1 - (5 - (19 - 8))?
1
Evaluate (6 - (-3 + 5)) + (-4 - 1).
-1
Calculate (-4 - -10) + -6 + 6 + -3.
3
What is the value of -4 + (-5 - -7) - 0?
-2
What is the value of (5 - 2) + 0 - (5 + -1)?
-1
What is (3 - -2) + -3 - (5 - 4)?
1
Calculate -9 + -2 + 6 + 5.
0
-1 + 0 - (-2 - (-4 - -2))
-1
Calculate 2 - (-6 - -4) - -5.
9
What is -3 - (-5 - (3 + -2))?
3
(-5 + 9 - 5) + 6 - 5
0
What is the value of -16 - ((10 - 9) + -11)?
-6
What is the value of 4 - (6 + 0 + -3) - 1?
0
Calculate (1 - -1 - -11) + -26 + 22.
9
Evaluate -4 + 2 - -8 - 5.
1
-1 - (1 + 1 - -2)
-5
-3 + (-4 - (7 - (17 + -4)))
-1
What is the value of (1 - 13) + 48 + -41 + 0?
-5
What is -2 - (1 - 4) - (0 - 2)?
3
What is 8 + -3 + -6 + 8?
7
What is the value of 11 - (-13 - -11 - -8)?
5
Calculate 58 + -64 - (-6 - -1).
-1
18 - (1 + (15 - (2 - -6)))
10
What is the value of -1 + (-1 + -3 + 1 - 0)?
-4
4 + (3 - (-2 - -19)) + 4
-6
Evaluate 4 + (-5 - (6 + -7)) + 7.
7
Calculate (2 - -1) + (33 - 39).
-3
-2 - (3 + -1 + 1)
-5
278 + -278 - ((1 - 0) + -5)
4
6 - -2 - (19 + -10)
-1
-86 - -86 - (0 - 7)
7
-23 - -18 - (-1 - -3) - -2
-5
What is -115 + 99 - (-12 - 0)?
-4
What is the value of 3 - (5 - (-7 + 6))?
-3
What is the value of 1 + -1 - (39 - 44)?
5
Evaluate -2 + 5 - -7 - 4.
6
Evaluate 3 - 0 - 3 - -5.
5
What is (1 - 1) + (8 - (-7 + 14))?
1
Calculate (0 + 2 - -2) + (7 - 7).
4
Calculate 14 + (0 - 3) - 10.
1
What is the value of -1 - -7 - (-2 - (2 + -6))?
4
What is the value of -4 + (-9 + 8 - (2 + -1))?
-6
Evaluate 6 + (0 - 2) - 3.
1
What is the value of -1 + (0 - 1) + 8 + -1?
5
Calculate -73 - -79 - (0 + 7 + -1).
0
(3 - 0) + (4 + 0 - 3)
4
Calculate 9 + (2 - (4 - -2)).
5
Calculate 2 + -2 + -8 - -3 - -2.
-3
-1 + (2 - 10) - -16
7
Calculate -1 + -1 + -10 + 10 + -5.
-7
What is the value of -9 - (-5 - (-7 - -5))?
-6
1 + (-1 + -1 - (13 + -8))
-6
Calculate 130 + -127 + 0 + 1 + -1.
3
What is 5 - 12 - (-2 + 6) - -4?
-7
2 + 1 + 29 + -39
-7
Calculate (2 - -4) + -10 + 0 + 1.
-3
(-2 - (-5 + 9)) + (-2 - -3)
-5
What is the value of 3 - ((0 - (-5 - -1)) + -3)?
2
(1 - -1) + (0 - (2 - 1))
1
Calculate 8 - (-15 + 6 + 12).
5
What is the value of 10 + (-2 + 5 - 7)?
6
Calculate 3 - 2 - (-3 + 2).
2
-3 - (7 - (-4 + 10 + -5))
-9
What is 34 - 26 - ((4 - -2) + 1)?
1
(-1 - -3) + 0 - (3 + -1)
0
What is -5 + 2 + 3 - (-3 + 0)?
3
What is 4 + -7 + 7 - 5?
-1
What is 4 + -2 + 4 + -7?
-1
What is the value of 1 + (0 - 3) + -10 + 7?
-5
What is -6 + 5 + 0 + -2?
-3
(-14 - (-28 - -14)) + -1
-1
What is the value of -13 + 9 - (-1 - (-1 - -1))?
-3
Evaluate (-11 - -6) + 11 + -7 + -2.
-3
What is -7 + 10 + (2 - 3)?
2
What is the value of -1 - (0 - -5 - 11)?
5
What is (39 - 45) + 9 + (2 - 5)?
0
Calculate 0 - (-8 - (-3 - 0)).
5
What is 1 + -5 - (7 + 11 + -23)?
1
Evaluate 1 - -1 - -2 - (0 + 6).
-2
What is -6 - ((1 - (-2 - -4)) + -1)?
-4
Calculate (-2 + -3 - 2) + 5.
-2
Calculate 1 - ((6 - 6) + 0).
1
What is the value of 2 - (-3 + (-3 - (8 + -9)))?
7
What is -5 + 5 + 3 + -3?
0
Evaluate 10 + -5 - (14 - 5).
-4
What is 0 - ((9 - 7) + -6)?
4
-2 + 0 - (5 + 3 + -6)
-4
What is the value of -2 - (-1 - 0 - -3)?
-4
What is the value of 0 - ((4 - 8) + 0)?
4
Calculate -3 + (3 - (-1 + 4)).
-3
Calculate -4 + 3 + (3 - 3).
-1
Calculate 3 - (1 + 1 + 7 + -10).
4
What is the value of (41 - 37) + (0 - 0)?
4
Evaluate -8 + 4 - 1 - 0.
-5
(2 - 2) + -1 + 3 + 1
3
What is the value of 19 + -20 + 3 + -5 + 3?
0
Evaluate 1 + 1 + -10 + 0 + 8.
0
What is the value of (-3 - (3 + (-4 - -1))) + 7?
4
What is -2 + -4 - -10 - 8?
-4
What is 4 + (-3 - (-4 - -4))?
1
Evaluate 0 + 3 + -2 + 7 + -7.
1
What is 4 - (-1 + 2 - -4)?
-1
What is the value of -3 + 1 + -1 + 3?
0
Calculate -5 + (1 - (-4 - -1)) - 1.
-2
Calculate 8 - (2 + 5 - 1).
2
What is (-1 - -1 - -2) + (327 - 328)?
1
What is the value of (-3 - (3 - 12)) + -4 + -4?
-2
Evaluate -4 + 7 - (7 - 1).
-3
Calculate -18 + 8 + 12 + -9.
-7
What is the value of 5 + (-3 - (-2 - -4))?
0
Evaluate 0 + -4 + 1 + (-1 - -3).
-1
Evaluate -2 + (-1 - 2) + 4.
-1
-4 + (-3 - (-8 - -5))
-4
Evaluate (-3 - (-12 - -6)) + -5 - 8.
-10
What is 0 - 5 - (-1 - -1)?
-5
Calculate (2 + -5 - 0) + 8.
5
What is 0 - (0 - 2 - -2)?
0
(-149 - -151) + (1 - 1)
2
Calculate (3 - 5) + 8 + -11.
-5
Calculate 11 + -3 + -9 + -9.
-10
Calculate 14 + -4 + -5 - 5.
0
(2 - -1 - -1) + 0 + -5
-1
-1 + 0 - (3 - (12 - 5))
3
What is (5 - 1) + -8 + 7 + -7?
-4
Calculate (6 - 3) + 3 + -1.
5
(-1 - 1) + 13 + (-26 - -7)
-8
16 + (-3 + 0 + -5 - -1)
9
Evaluate 0 + 4 + 23 + -28.
-1
Calculate (-1 - -5) + -11 + 0 + 3.
-4
Calculate 2 - 1 - ((-4 - -1) + 2).
2
What is (-8 - (-1 + -5 + 5)) + 6?
-1
Evaluate 11 + -15 + (-13 - -18).
1
(13 - 7) + -3 - 5
-2
Calculate 34 + -29 + -5 + 0.
0
Evaluate (2 - -1) + (2 - (-4 + 6)).
3
Calculate 4 + -3 + 3 + -2 + 2.
4
What is the value of -2 + (4 - 1) + (1 - 1)?
1
What is the value of 2 - 6 - (4 + -2)?
-6
Evaluate (1 - 0) + (12 - 14).
-1
Calculate (-9 - (4 + -8)) + 1.
-4
What is (1 - -1) + -7 + 5?
0
Evaluate -3 + 0 - (-6 - -9 - 6).
0
Calculate (-2 - -2) + -5 + 5.
0
Calculate (-2 - 0) + -6 - -5.
-3
What is the value of (8 - 6) + -1 + 4?
5
Evaluate (-2 - 1) + (13 - 10).
0
What is (-3 - 0) + 0 - (-7 + -1)?
5
Calculate (3 + -5 - -10) + -6.
2
Evaluate 0 + (5 - 1 - (3 + -4)).
5
Calculate -9 + (4 - (3 + 2 + -5)).
-5
Evaluate -3 + -3 + 8 + -8.
-6
What is the value of 19 + (3 + -12 + -5 - -6)?
11
What is -5 - (-9 - -6 - 2)?
0
What is -2 + 4 + -11 + 9 + 5?
5
Calculate (-3 - -2) + 7 + -3.
3
Evaluate 4 - 3 - (-3 - -8).
-4
Evaluate -1 + 5 - ((-7 - -18) + -7).
0
What is (4 + -1 - 5) + -16 + 20?
2
What is (5 - 1) + (1 - 2 - -1)?
4
What is the value of -3 - (-6 + 4 + (0 - 1))?
0
What is the value of (3 + -3 - -6) + -9?
-3
Calculate -1 - (2 - (-1 + -1)).
-5
(7 - 3 - 2) + -1
1
Calculate -4 + (3 - 0 - (-20 + 16)).
3
What is 3 + -3 + 3 - (-2 + 2)?
3
8 + -5 + (-1 - -5)
7
-5 - (-8 - ((-1 - -2) + -7))
-3
Calculate 1 + 0 + 1 + 3.
5
(-6 - (-2 + -5)) + -6
-5
Calculate -3 - 0 - (-63 - -55).
5
(-5 - -1) + 1 + 0 - -5
2
What is 11 - (0 + -2 + (5 - -2))?
6
Calculate 5 - (-2 + (1 - -4)).
2
Calculate -2 - -4 - (1 - -2) - -6.
5
7 - (-2 + (-5 - (2 - 15)))
1
What is the value of -7 - (-11 - -12 - 1)?
-7
Calculate (0 - 0) + 1 + -1 + -3.
-3
Calculate 0 + 7 + -3 - 9.
-5
Calculate 10 - (0 - -9) - 3.
-2
What is the value of 4 + 3 + (3 - 6)?
4
Evaluate 13 - ((14 - 13) + 10).
2
-1 + (2 - -7) - 6
2
(-1 - (-6 + 4 + -1)) + -1
1
-3 + 10 + 1 + -1
7
-1 + 0 + -80 + 87
6
What is the value of 1 + (-3 - (0 - 6))?
4
Calculate -16 + -11 + -2 + 21.
-8
-2 + (5 - -4 - 4)
3
Evaluate -11 + 13 + (-14 - -3).
-9
What is 5 + (1 - (1 - -2) - 3)?
0
(1 - (-2 - -1)) + -38 + 35
-1
What is 1 - 1 - (-11 - -6)?
5
What is 4 - 1 - (10 + -12)?
5
What is the value of 5 + -8 - 6 - -13?
4
What is the value of 1 + 0 + -2 + (5 - 3)?
1
Evaluate (-1 - -2) + 2 - 2 - -4.
5
Calculate -10 + -3 + 13 - (0 + 9).
-9
What is (20 - 7) + 3 + 4 + -12?
8
Calculate 4 + -6 + 18 - 8.
8
Evaluate -5 + -9 + 8 + 3 + 2.
-1
-23 + 19 - (-1 - 1)
-2
What is the value of 1 - (20 - 8) - -17?
6
Evaluate 0 + 1 + 3 + -7 + -1.
-4
What is the value of (5 - (9 + -7)) + -1 - -4?
6
Evaluate 2 - (3 + -3 + 5 + -6).
3
What is (7 - (-1 - -4)) + (3 - 9)?
-2
What is -5 - (1 - (3 - 2))?
-5
Evaluate 10 - (5 - (2 - 1)) - 8.
-2
Calculate -11 - (-3 - 7 - 3).
2
Evaluate 